{"id":2057,"date":"2024-09-25T17:26:48","date_gmt":"2024-09-25T17:26:48","guid":{"rendered":"https:\/\/grisellbazar.com.ar\/?post_type=product&#038;p=2057"},"modified":"2026-02-05T11:44:33","modified_gmt":"2026-02-05T14:44:33","slug":"tenedor-de-mesa-tramontina-athenas","status":"publish","type":"product","link":"https:\/\/grisellbazar.com.ar\/?product=tenedor-de-mesa-tramontina-athenas","title":{"rendered":"Tenedor de Mesa Athenas Tramontina"},"content":{"rendered":"","protected":false},"excerpt":{"rendered":"<blockquote><p>Marca: Tramontina<\/p>\n<p>Material: Acero inoxidable de alta calidad<\/p>\n<p>Dise\u00f1o sim\u00e9trico con terminaci\u00f3n brillante<\/p><\/blockquote>\n","protected":false},"featured_media":3005,"comment_status":"closed","ping_status":"closed","template":"","meta":{"_uag_custom_page_level_css":"","neve_meta_sidebar":"","neve_meta_container":"","neve_meta_enable_content_width":"off","neve_meta_content_width":100,"neve_meta_title_alignment":"","neve_meta_author_avatar":"","neve_post_elements_order":"","neve_meta_disable_header":"","neve_meta_disable_footer":"","neve_meta_disable_title":"","_joinchat":{"view":"yes"}},"product_brand":[],"product_cat":[325,322,820,15],"product_tag":[278,285,235,241,289,290,193,223,71,74,288,208],"class_list":{"0":"post-2057","1":"product","2":"type-product","3":"status-publish","4":"has-post-thumbnail","6":"product_cat-cubiertos","7":"product_cat-mesa","8":"product_cat-ver-todo","9":"product_cat-cubiertos-hogar","10":"product_tag-aceroinoxidable","11":"product_tag-athenas","12":"product_tag-cocina","13":"product_tag-cubiertos","14":"product_tag-elegante","15":"product_tag-ergonomico","16":"product_tag-lavavajillas","17":"product_tag-resistente","18":"product_tag-tenedor","19":"product_tag-tramontina","20":"product_tag-usodiario","21":"product_tag-utensilios-de-cocina","23":"first","24":"instock","25":"taxable","26":"shipping-taxable","27":"purchasable","28":"product-type-simple"},"uagb_featured_image_src":{"full":["https:\/\/grisellbazar.com.ar\/wp-content\/uploads\/2025\/02\/Tenedor-Tipo-Athenas-x-12-Unidades-1.webp",1188,1200,false],"thumbnail":["https:\/\/grisellbazar.com.ar\/wp-content\/uploads\/2025\/02\/Tenedor-Tipo-Athenas-x-12-Unidades-1-150x150.webp",150,150,true],"medium":["https:\/\/grisellbazar.com.ar\/wp-content\/uploads\/2025\/02\/Tenedor-Tipo-Athenas-x-12-Unidades-1-248x250.webp",248,250,true],"medium_large":["https:\/\/grisellbazar.com.ar\/wp-content\/uploads\/2025\/02\/Tenedor-Tipo-Athenas-x-12-Unidades-1-768x776.webp",768,776,true],"large":["https:\/\/grisellbazar.com.ar\/wp-content\/uploads\/2025\/02\/Tenedor-Tipo-Athenas-x-12-Unidades-1-1014x1024.webp",1014,1024,true],"1536x1536":["https:\/\/grisellbazar.com.ar\/wp-content\/uploads\/2025\/02\/Tenedor-Tipo-Athenas-x-12-Unidades-1.webp",1188,1200,false],"2048x2048":["https:\/\/grisellbazar.com.ar\/wp-content\/uploads\/2025\/02\/Tenedor-Tipo-Athenas-x-12-Unidades-1.webp",1188,1200,false],"neve-blog":["https:\/\/grisellbazar.com.ar\/wp-content\/uploads\/2025\/02\/Tenedor-Tipo-Athenas-x-12-Unidades-1-930x620.webp",930,620,true],"woocommerce_thumbnail":["https:\/\/grisellbazar.com.ar\/wp-content\/uploads\/2025\/02\/Tenedor-Tipo-Athenas-x-12-Unidades-1-300x300.webp",300,300,true],"woocommerce_single":["https:\/\/grisellbazar.com.ar\/wp-content\/uploads\/2025\/02\/Tenedor-Tipo-Athenas-x-12-Unidades-1-500x505.webp",500,505,true],"woocommerce_gallery_thumbnail":["https:\/\/grisellbazar.com.ar\/wp-content\/uploads\/2025\/02\/Tenedor-Tipo-Athenas-x-12-Unidades-1-100x100.webp",100,100,true],"dgwt-wcas-product-suggestion":["https:\/\/grisellbazar.com.ar\/wp-content\/uploads\/2025\/02\/Tenedor-Tipo-Athenas-x-12-Unidades-1.webp",64,65,false]},"uagb_author_info":{"display_name":"Rodrigo Pintos","author_link":"https:\/\/grisellbazar.com.ar\/?author=0"},"uagb_comment_info":0,"uagb_excerpt":"Marca: Tramontina Material: Acero inoxidable de alta calidad Dise\u00f1o sim\u00e9trico con terminaci\u00f3n brillante","_links":{"self":[{"href":"https:\/\/grisellbazar.com.ar\/index.php?rest_route=\/wp\/v2\/product\/2057","targetHints":{"allow":["GET"]}}],"collection":[{"href":"https:\/\/grisellbazar.com.ar\/index.php?rest_route=\/wp\/v2\/product"}],"about":[{"href":"https:\/\/grisellbazar.com.ar\/index.php?rest_route=\/wp\/v2\/types\/product"}],"replies":[{"embeddable":true,"href":"https:\/\/grisellbazar.com.ar\/index.php?rest_route=%2Fwp%2Fv2%2Fcomments&post=2057"}],"wp:featuredmedia":[{"embeddable":true,"href":"https:\/\/grisellbazar.com.ar\/index.php?rest_route=\/wp\/v2\/media\/3005"}],"wp:attachment":[{"href":"https:\/\/grisellbazar.com.ar\/index.php?rest_route=%2Fwp%2Fv2%2Fmedia&parent=2057"}],"wp:term":[{"taxonomy":"product_brand","embeddable":true,"href":"https:\/\/grisellbazar.com.ar\/index.php?rest_route=%2Fwp%2Fv2%2Fproduct_brand&post=2057"},{"taxonomy":"product_cat","embeddable":true,"href":"https:\/\/grisellbazar.com.ar\/index.php?rest_route=%2Fwp%2Fv2%2Fproduct_cat&post=2057"},{"taxonomy":"product_tag","embeddable":true,"href":"https:\/\/grisellbazar.com.ar\/index.php?rest_route=%2Fwp%2Fv2%2Fproduct_tag&post=2057"}],"curies":[{"name":"wp","href":"https:\/\/api.w.org\/{rel}","templated":true}]}}